t**2 - 11534*t + 19014. Give w(22).
6
Let q(x) = -3147*x - 147870. Determine q(-47).
39
Let n(h) = -24*h**2 - 153*h - 558. What is n(-7)?
-663
Let m(q) = 29*q**2 + 5729*q + 14516. Calculate m(-195).
86
Let u(t) = -2*t**3 + 4*t**2 + 4*t - 251. Give u(8).
-987
Let b(n) = 156*n - 23312. Give b(153).
556
Let h(y) = y**2 - 689*y + 3415. Calculate h(5).
-5
Let w(q) = 15*q**2 - 1551*q - 4126. What is w(106)?
8
Let x(u) = -2239*u - 1517. What is x(-2)?
2961
Let s(c) = 65*c**2 - 3030*c - 7567. Determine s(49).
28
Let q(r) = 585*r - 136685. Determine q(228).
-3305
Let z(c) = -2*c**2 - 8164*c + 271405. What is z(33)?
-185
Let d(w) = 18*w**3 + 1149*w**2 - 183*w + 429. Give d(-64).
-147
Let n(d) = 106663*d - 3199884. Determine n(30).
6
Let t(k) = -1726215*k - 5178680. Determine t(-3).
-35
Let y(s) = -7008*s - 7103. Give y(-1).
-95
Let f(r) = 6270*r + 76400. Calculate f(-12).
1160
Let r(h) = -25*h**2 - 7028*h - 1014. Give r(-281).
-171
Let u(t) = t**3 - 183*t**2 + 4*t - 246. Determine u(0).
-246
Let f(x) = 2751*x + 34610. Give f(-13).
-1153
Let l(v) = -v**3 + 25*v**2 + 132*v - 945. Give l(29).
-481
Let m(n) = -n**3 - 232*n**2 + 29*n + 59995. Determine m(-231).
-65
Let d(h) = -7*h**2 - 746*h - 11919. Calculate d(-87).
0
Let n(x) = 8*x**2 - 405*x - 30. What is n(53)?
977
Let n(v) = 9527*v - 142912. Determine n(15).
-7
Let t(o) = -262667*o + 525337. What is t(2)?
3
Let x(y) = 6*y**2 - 1655*y + 1655. What is x(1)?
6
Let x(c) = 3*c**3 + 96*c**2 + 9*c + 57. What is x(-32)?
-231
Let a(v) = 237*v**2 + 4842*v + 6431. Determine a(-19).
-10
Let p(w) = w**3 + 102*w**2 - 642*w + 633. Calculate p(-108).
-15
Let w(s) = -2*s**2 - 10424*s - 124794. What is w(-12)?
6
Let k(d) = -d**3 - 11*d**2 + 73*d + 180. Determine k(-15).
-15
Let x(s) = -24*s**2 - 770*s - 4278. Calculate x(-8).
346
Let i(d) = -d**3 - 22*d**2 + 937*d + 1457. Calculate i(-43).
-5
Let b(d) = -d**2 + 2908*d + 43607. What is b(-15)?
-238
Let h(c) = 8*c**2 - 1464*c + 63620. Determine h(112).
4
Let s(p) = -1488*p + 364372. What is s(245)?
-188
Let u(n) = 6*n**3 - 5*n**2 - 44*n - 20. Calculate u(5).
385
Let m(s) = -s**2 - 628*s - 62996. What is m(-503)?
-121
Let z(y) = -y**3 - 69*y**2 - 728*y - 276. What is z(-56)?
-276
Let p(g) = 2*g**2 - 7*g + 79. Calculate p(7).
128
Let f(x) = -40*x**2 - 3105*x - 53708. Calculate f(-26).
-18
Let k(x) = 6*x**2 + 40*x + 495. Determine k(-14).
1111
Let g(y) = -78*y**2 - 1144*y - 721. What is g(-14)?
7
Let f(r) = -357*r + 68908. Give f(193).
7
Let i(p) = -118*p - 343. Determine i(11).
-1641
Let g(m) = 31833*m - 254591. Calculate g(8).
73
Let z(n) = -101*n - 1560. What is z(-25)?
965
Let k(y) = y**3 + 26*y**2 + 97*y - 697. Give k(-20).
-237
Let j(i) = -i**3 + 40*i**2 - 410*i + 251. Calculate j(24).
-373
Let h(o) = -2*o**3 + 256*o**2 + 1058*o - 254. Determine h(132).
10
Let w(u) = 809*u - 81156. Determine w(100).
-256
Let q(m) = -m**3 - 29*m**2 + 7500*m + 210726. Give q(-28).
-58
Let n(f) = -4*f**3 + 23*f**2 - 133*f - 7. Determine n(5).
-597
Let m(b) = 934124*b + 1868242. Give m(-2).
-6
Let w(l) = -9*l**3 - 17*l**2 + 78*l - 171. Calculate w(6).
-2259
Let j(b) = b**3 - 224*b**2 + 3445*b - 12801. Calculate j(6).
21
Let z(m) = -4821*m + 91601. What is z(19)?
2
Let q(j) = 25551*j - 613201. Calculate q(24).
23
Let z(v) = 3067*v - 52042. Calculate z(18).
3164
Let j(h) = -15*h**3 - 51*h**2 + 810*h + 8. Give j(-9).
-478
Let y(f) = 23*f**2 - 1706*f - 1722. What is y(-1)?
7
Let n(u) = -624619*u + 4996958. Determine n(8).
6
Let u(p) = 11*p**3 - 137*p**2 + 506*p - 5778. Determine u(12).
-426
Let f(v) = -v**3 + 25*v**2 - 46*v - 596. Give f(6).
-188
Let o(q) = 8*q**2 - 2191*q - 223452. Give o(353).
-3
Let b(o) = -2*o**3 - 1208*o**2 - 80243*o + 6858. Calculate b(-528).
-6
Let d(k) = -k**2 - 1769*k + 115431. Give d(63).
15
Let h(w) = -2*w**3 + 22*w**2 + 10997*w - 120977. Give h(11).
-10
Let y(s) = 42755*s + 256658. Determine y(-6).
128
Let n(a) = 5*a**3 - 48*a**2 - 13*a - 19. Calculate n(11).
685
Let x(a) = 436*a - 66019. Give x(152).
253
Let k(u) = -48*u**3 - 396*u**2 - 40*u - 94. Calculate k(-8).
-542
Let j(p) = 106*p - 3060. What is j(29)?
14
Let d(w) = 2*w**2 - 354502*w - 18794236. Determine d(-53).
-12
Let p(h) = -893*h + 408130. Determine p(457).
29
Let c(u) = u**2 - 5796*u - 989697. Calculate c(-166).
-5
Let y(l) = 3103*l + 121544. Determine y(-39).
527
Let s(v) = -2*v**3 + 28*v**2 + 1043*v - 14601. Calculate s(14).
1
Let s(m) = 10996*m + 44043. Determine s(-4).
59
Let r(l) = 6*l**2 - 454*l + 6998. Give r(22).
-86
Let j(b) = 200*b - 2537. What is j(13)?
63
Let k(j) = 20690*j - 20602. Determine k(1).
88
Let u(k) = -4*k**3 + 8*k**2 - 1670*k + 3310. What is u(2)?
-30
Let c(k) = -13295*k + 199172. Calculate c(15).
-253
Let l(n) = -n**3 + 182*n**2 + 1766*n + 467. Give l(-9).
44
Let w(h) = -859*h - 26610. Determine w(-31).
19
Let t(n) = -136*n**3 - 822*n**2 - 355*n - 1871. Give t(-6).
43
Let r(i) = 5*i + 828. Give r(-11).
773
Let j(i) = -100*i + 1416. Determine j(14).
16
Let n(t) = -63*t**3 + 44*t**2 - 41*t + 80. What is n(2)?
-330
Let j(q) = -q**3 - 29*q**2 + 3089*q + 405. Give j(43).
104
Let h(z) = -11*z**2 - 1527*z + 33348. Determine h(-158).
10
Let d(t) = 305*t + 15846. What is d(-52)?
-14
Let j(x) = -x**3 + 184*x**2 + 394*x - 1410. Give j(186).
2682
Let p(a) = 7*a**2 - 692*a + 12818. Calculate p(24).
242
Let n(b) = 359*b**3 + 60*b**2 + 3*b + 1. Calculate n(-1).
-301
Let q(o) = -160*o - 5270. Determine q(-23).
-1590
Let n(z) = -18*z**2 + 789*z - 3115. Calculate n(4).
-247
Let z(s) = -1096*s**2 - 104117*s + 204. Give z(-95).
-81
Let z(k) = -2*k**2 - 19152*k - 591831. Determine z(-31).
-41
Let i(h) = 15*h**2 - 1362*h - 5668. Calculate i(-4).
20
Let v(h) = 303*h - 1919. Give v(4).
-707
Let g(w) = -71334*w + 856130. Determine g(12).
122
Let t(n) = -2*n**3 - 29*n**2 - 530*n - 8160. Determine t(-15).
15
Let a(z) = 2047*z - 216622. Give a(106).
360
Let x(z) = -z**3 + 49*z**2 - 159*z - 178. Determine x(45).
767
Let s(m) = m**2 - 36971*m + 3503191. Calculate s(95).
-29
Let d(m) = -2*m**3 - 42*m**2 + 816*m - 19. Determine d(12).
269
Let x(y) = -446*y + 21008. What is x(47)?
46
Let a(i) = -213*i - 3567. What is a(-22)?
1119
Let c(g) = -465406*g - 3723242. What is c(-8)?
6
Let d(l) = 127*l + 2930. Give d(-20).
390
Let x(u) = u**3 - 179*u**2 + 484*u - 250. Determine x(2).
10
Let m(o) = -o**3 - 19*o**2 - 835*o - 9215. Calculate m(-12).
-203
Let x(m) = -24*m**3 - 122*m**2 + 305*m - 19. What is x(-7)?
100
Let t(n) = n**2 - 4095*n - 1503120. What is t(-339)?
6
Let j(g) = -682*g**3 + 13640*g**2 - 3*g + 15. What is j(20)?
-45
Let l(w) = -30*w**2 - 1049*w + 145. Determine l(-35).
110
Let u(j) = 53*j - 2583. Give u(66).
915
Let k(q) = -5867*q - 105577. Give k(-18).
29
Let j(i) = -1529*i - 99424. Determine j(-65).
-39
Let q(j) = -62959*j + 5225595. Determine q(83).
-2
Let s(h) = -h**3 - 51*h**2 - 87*h - 1937. Give s(-51).
2500
Let c(k) = 195*k - 19283. Give c(99).
22
Let k(r) = -12173*r + 425957. Determine k(35).
-98
Let w(m) = -13743*m + 178653. Calculate w(13).
-6
Let w(i) = 5*i**2 - 1267*i + 67614. Determine w(177).
0
Let f(s) = 1933*s + 169982. Give f(-88).
-122
Let u(d) = -66*d**3 + 4*d**2 - 2*d + 10. What is u(-3)?
1834
Let x(c) = -c**3 + 198*c**2 + 184*c + 2895. Give x(199).
-90
Let d(v) = 91*v**2 + 206*v - 3299. Give d(5).
6
Let y(h) = 772766*h + 9273198. Give y(-12).
6
Let h(x) = -37775*x - 1019910. What is h(-27)?
15
Let h(a) = 2*a**2 + 5*a - 970. Give h(-23).
-27
Let k(v) = 217*v - 3578. What is k(17)?
111
Let q(y) = y**3 - 10*y**2 + 6772*y + 55337. Calculate q(-8).
9
Let k(d) = -241*d - 20216. Give k(-83).
-213
Let q(x) = x**3 + 112*x**2 + 810*x - 681. Give q(-104).
1607
Let r(n) = -1709*n - 856218. Calculate r(-501).
-9
Let c(m) = 182*m - 53508. What is c(294)?
0
Let i(h) = 48*h**2 + 113754*h - 14212. Calculate i(-2370).
8
Let d(n) = -n**2 + 308*n + 12008. Calculate d(-35).
3
Let c(j) = j**3 + 136*j**2 - 274*j + 174. What is c(-138)?
-102
Let y(p) = -p**2 + 268*p - 17941. Determine y(133).
14
Let a(n) = 19875*n + 79277. What is a(-4)?
-223
Let c(t) = t**3 - 11*t**2 + 22*t + 6. Give c(3).
0
Let d(k) = -34762*k + 590956. What is d(17)?
2
Let i(u) = 33*u**2 - 89*u + 181. Give i(7).
1175
Let i(b) = -b**3 - 23*b**2 + 367*b + 13. Give i(-34).
251
Let l(q) = q**3 + 116*q**2 - 111*q - 38. Determine l(-117